of 10697?
1
What is the thousands digit of 4636?
4
What is the units digit of 1902?
2
What is the tens digit of 5875?
7
What is the units digit of 32872?
2
What is the tens digit of 20440?
4
What is the tens digit of 6235?
3
What is the tens digit of 708?
0
What is the tens digit of 69338?
3
What is the hundreds digit of 46368?
3
What is the thousands digit of 1751?
1
What is the tens digit of 2791?
9
What is the hundreds digit of 3739?
7
What is the units digit of 11775?
5
What is the units digit of 8141?
1
What is the units digit of 689?
9
What is the thousands digit of 1487?
1
What is the units digit of 5332?
2
What is the tens digit of 61545?
4
What is the units digit of 1196?
6
What is the thousands digit of 4267?
4
What is the ten thousands digit of 42422?
4
What is the thousands digit of 36050?
6
What is the units digit of 402?
2
What is the tens digit of 17304?
0
What is the hundreds digit of 7421?
4
What is the hundreds digit of 30056?
0
What is the hundreds digit of 1276?
2
What is the units digit of 1996?
6
What is the hundreds digit of 10231?
2
What is the hundreds digit of 25750?
7
What is the hundreds digit of 29231?
2
What is the tens digit of 1558?
5
What is the ten thousands digit of 13096?
1
What is the units digit of 1081?
1
What is the hundreds digit of 170?
1
What is the hundreds digit of 29336?
3
What is the thousands digit of 140383?
0
What is the thousands digit of 5776?
5
What is the hundreds digit of 2123?
1
What is the ten thousands digit of 53375?
5
What is the thousands digit of 53189?
3
What is the hundreds digit of 893?
8
What is the thousands digit of 1820?
1
What is the hundreds digit of 81717?
7
What is the thousands digit of 4093?
4
What is the tens digit of 14681?
8
What is the ten thousands digit of 67963?
6
What is the tens digit of 11437?
3
What is the hundreds digit of 6906?
9
What is the thousands digit of 36314?
6
What is the units digit of 1113?
3
What is the units digit of 668?
8
What is the units digit of 487?
7
What is the units digit of 42276?
6
What is the units digit of 46897?
7
What is the tens digit of 2450?
5
What is the hundreds digit of 1887?
8
What is the units digit of 301?
1
What is the thousands digit of 12976?
2
What is the tens digit of 602?
0
What is the units digit of 626?
6
What is the tens digit of 34319?
1
What is the hundred thousands digit of 103220?
1
What is the hundreds digit of 8793?
7
What is the tens digit of 27421?
2
What is the tens digit of 30145?
4
What is the thousands digit of 60318?
0
What is the hundreds digit of 15237?
2
What is the hundreds digit of 355?
3
What is the units digit of 172?
2
What is the hundreds digit of 942?
9
What is the tens digit of 7125?
2
What is the ten thousands digit of 32133?
3
What is the thousands digit of 62913?
2
What is the tens digit of 3686?
8
What is the tens digit of 1322?
2
What is the tens digit of 208?
0
What is the tens digit of 50912?
1
What is the hundreds digit of 7203?
2
What is the units digit of 15046?
6
What is the thousands digit of 1597?
1
What is the tens digit of 26092?
9
What is the tens digit of 158431?
3
What is the hundreds digit of 682?
6
What is the thousands digit of 2313?
2
What is the units digit of 12609?
9
What is the thousands digit of 14346?
4
What is the tens digit of 4273?
7
What is the units digit of 112484?
4
What is the tens digit of 22446?
4
What is the tens digit of 44977?
7
What is the units digit of 101323?
3
What is the units digit of 308?
8
What is the thousands digit of 1084?
1
What is the tens digit of 23375?
7
What is the hundreds digit of 1016?
0
What is the tens digit of 13465?
6
What is the ten thousands digit of 10311?
1
What is the tens digit of 1349?
4
What is the hundreds digit of 13761?
7
What is the hundreds digit of 2080?
0
What is the units digit of 679?
9
What is the tens digit of 279?
7
What is the tens digit of 5727?
2
What is the hundreds digit of 147058?
0
What is the tens digit of 22649?
4
What is the hundreds digit of 15254?
2
What is the ten thousands digit of 29546?
2
What is the units digit of 38431?
1
What is the thousands digit of 2887?
2
What is the thousands digit of 11700?
1
What is the hundreds digit of 895?
8
What is the thousands digit of 8318?
8
What is the units digit of 119103?
3
What is the ten thousands digit of 31395?
3
What is the tens digit of 16237?
3
What is the tens digit of 7166?
6
What is the units digit of 4461?
1
What is the units digit of 18858?
8
What is the hundreds digit of 1196?
1
What is the hundreds digit of 1920?
9
What is the tens digit of 201?
0
What is the units digit of 2709?
9
What is the hundreds digit of 1071?
0
What is the units digit of 58987?
7
What is the tens digit of 1577?
7
What is the units digit of 26178?
8
What is the thousands digit of 78377?
8
What is the thousands digit of 1996?
1
What is the thousands digit of 3990?
3
What is the units digit of 16054?
4
What is the hundreds digit of 735?
7
What is the tens digit of 6105?
0
What is the tens digit of 70955?
5
What is the tens digit of 26030?
3
What is the hundreds digit of 28320?
3
What is the tens digit of 790?
9
What is the thousands digit of 57316?
7
What is the hundreds digit of 3512?
5
What is the tens digit of 662?
6
What is the ten thousands digit of 66350?
6
What is the hundreds digit of 1317?
3
What is the units digit of 4240?
0
What is the thousands digit of 3266?
3
What is the units digit of 218?
8
What is the units digit of 8424?
4
What is the units digit of 6244?
4
What is the hundreds digit of 1670?
6
What is the thousands digit of 1434?
1
What is the ten thousands digit of 82156?
8
What is the tens digit of 3333?
3
What is the units digit of 54515?
5
What is the hundreds digit of 635?
6
What is the thousands digit of 2713?
2
What is the thousands digit of 3183?
3
What is the units digit of 448?
8
What is the units digit of 4248?
8
What is the tens digit of 5443?
4
What is the thousands digit of 28441?
8
What is the units digit of 42346?
6
What is the ten thousands digit of 31277?
3
What is the hundreds digit of 1086?
0
What is the hundreds digit of 318?
3
What is the units digit of 3681?
1
What is the thousands digit of 9092?
9
What is the ten thousands digit of 16564?
1
What is the tens digit of 2353?
5
What is the thousands digit of 1987?
1
What is the hundreds digit of 15726?
7
What is the tens digit of 52219?
1
What is the units digit of 28830?
0
What is the thousands digit of 8688?
8
What is the thousands digit of 1622?
1
What is the hundreds digit of 54891?
8
What is the hundreds digit of 60879?
8
What is the hundreds digit of 1309?
3
What is the tens digit of 886?
8
What is the thousands digit of 1265?
1
What is the units digit of 150?
0
What is the tens digit of 7782?
8
What is the hundreds digit of 2584?
5
What is the thousands digit of 15168?
5
What is the tens digit of 12866?
6
What is the hundreds digit of 3187?
1
What is the tens digit of 357?
5
What is the hundreds digit of 28419?
4
What is the tens digit of 8272?
7
What is the thousands digit of 2477?
2
What is the hundreds digit of 6354?
3
What is the tens digit of 844?
4
What is the hundreds digit of 5909?
9
What is the thousands digit of 19419?
9
What is the tens digit of 51351?
5
What is the thousands digit of 2151?
2
What is the thousands digit of 1137?
1
What is the hundreds digit of 31725?
7
What is the ten thousands digit of 41836?
4
What is the tens digit of 393?
9
What is the hundreds digit of 1162?
1
What is the tens digit of 38?
3
What is the tens digit of 5872?
7
What is the ten thousands digit of 19255?
1
What is the units digit of 52896?
6
What is the ten thousands digit of 29435?
2
What is the thousands digit of 2173?
2
What is the thousands digit of 5289?
5
What is the thousands digit of 1376?
1
What is the units digit of 92?
2
What is the tens digit of 37?
3
What is the units digit of 64579?
9
What is the tens digit of 23570?
7
What is the tens digit of 5597?
9
What is the units digit of 6974?
4
What is the units digit of 89360?
0
What is the thousands digit of 4541?
4
What is the tens digit of 119538?
3
What is the thousands digit of 19003?
9
What is the ten thousands digit of 19899?
1
What is the hundreds digit of 1984?
9
What is the tens digit of 6476?
7
What is 